CREATE TABLE `pl_canales` (
  `Id` int NOT NULL AUTO_INCREMENT,
  `Descripcion` varchar(100) DEFAULT NULL,
  `DescripcionCorta` varchar(30) DEFAULT NULL,
  `created_at` datetime DEFAULT NULL,
  `updated_at` datetime DEFAULT NULL,
  `deleted_at` datetime DEFAULT NULL,
  PRIMARY KEY (`Id`)
) ENGINE=InnoDB AUTO_INCREMENT=0;

INSERT INTO `pl_canales` (`Id`, `Descripcion`, `DescripcionCorta`, `created_at`, `updated_at`, `deleted_at`)
VALUES
  (2, 'CONCESIONARIAS', 'CONCES', '2022-12-06 14:05:02', NULL, NULL),
  (3, 'CONSTRUCTORAS', 'CONSTR', '2022-12-06 14:05:02', NULL, NULL),
  (4, 'DISTRIBUIDORES', 'DISTRIB', '2022-12-06 14:05:02', NULL, NULL),
  (5, 'AGENCIA AUTOMOTRIZ', 'AGCIA AUTOMOT', '2022-12-06 14:05:02', NULL, NULL),
  (6, 'INDUSTRIAS', 'INDUST', '2022-12-06 14:05:02', NULL, NULL),
  (7, 'REFACCIONARIAS', 'REFACC', '2022-12-06 14:05:02', NULL, NULL),
  (8, 'CLUBES', 'CLUBES', '2022-12-06 14:05:02', NULL, NULL),
  (9, 'FRACCIONAMIENTOS', 'FRACC', '2022-12-06 14:05:02', NULL, NULL),
  (10, 'CONTADO', 'CONTADO', '2022-12-06 14:05:02', NULL, NULL),
  (11, 'ALMACENES', 'ALMACENES', '2022-12-06 14:05:02', NULL, NULL),
  (12, 'TRANSPORTISTAS', 'TRANSPORT', '2022-12-06 14:05:02', NULL, NULL),
  (13, 'BANCOS', 'BANCOS', '2022-12-06 14:05:02', NULL, NULL),
  (14, 'PARQUES INDUSTRIALES', 'PARQ INDUST', '2022-12-06 14:05:02', NULL, NULL),
  (15, 'DEPARTAMENTALES', 'DEPARTAMENTALES', '2022-12-06 14:05:02', NULL, NULL),
  (17, 'B2C COMERCIAL', 'B2C COMERCIAL', '2022-12-06 14:05:02', NULL, NULL),
  (18, 'B2C URBANISMO', 'B2C URBANISMO', '2022-12-06 14:05:02', NULL, NULL),
  (19, 'B2C INDUSTRIAL', 'B2C INDUSTRIAL', '2022-12-06 14:05:02', NULL, NULL),
  (20, 'B2C RESIDENCIAL', 'B2C RESIDENCIAL', '2022-12-06 14:05:02', NULL, NULL),
  (21, 'DESARROLLADORES', 'DESARROLLAD', '2022-12-06 14:05:02', NULL, NULL),
  (22, 'DESPACHO DE ARQUITECTOS', 'DESP DE ARQ', '2022-12-06 14:05:02', NULL, NULL),
  (23, 'CONSTRUCTORA', 'CONSTRUCT', '2022-12-06 14:05:02', NULL, NULL),
  (24, 'INSTALADORES', 'INSTALAD', '2022-12-06 14:05:02', '2023-01-19 15:14:29', '2023-01-19 15:14:29'),
  (25, 'DESPACHO ILUMINACION', 'DESP ILUM', '2022-12-06 14:05:02', '2023-01-11 13:17:23', '2023-01-11 13:17:23');



CREATE TABLE `pl_categorias_menus` (
  `id` int unsigned NOT NULL AUTO_INCREMENT,
  `nombre` varchar(255) DEFAULT NULL,
  `menuParent` varchar(255) DEFAULT NULL,
  `icono` varchar(255) DEFAULT NULL,
  PRIMARY KEY (`id`) USING BTREE
) ENGINE=InnoDB AUTO_INCREMENT=0;

INSERT INTO `pl_categorias_menus` (`id`, `nombre`, `menuParent`, `icono`)
VALUES
  (1, 'Catalogos', 'catalogos', 'settings'),
  (4, 'Reportes', 'reportes', NULL),
  (5, 'Configuración', 'configuracion', 'settings'),
  (7, 'Proyectos', 'proyectos', 'settings'),
  (8, 'Compras', 'compras', NULL);

CREATE TABLE `pl_contratista_proyecto` (
  `id` int unsigned NOT NULL AUTO_INCREMENT,
  `contratista_Id` int DEFAULT NULL,
  `proyecto_Id` int DEFAULT NULL,
  PRIMARY KEY (`id`)
) ENGINE=InnoDB;

CREATE TABLE `pl_contratistas` (
  `Id` int NOT NULL AUTO_INCREMENT,
  `Descripcion` varchar(100) DEFAULT NULL,
  `Telefono1` varchar(20) DEFAULT NULL,
  `Telefono2` varchar(20) DEFAULT NULL,
  `Correo` varchar(50) DEFAULT NULL,
  `Estatus` enum('Activo','Cancelado') DEFAULT 'Activo',
  `created_at` timestamp NULL DEFAULT NULL,
  `updated_at` timestamp NULL DEFAULT NULL,
  `deleted_at` timestamp NULL DEFAULT NULL,
  PRIMARY KEY (`Id`)
) ENGINE=InnoDB;

CREATE TABLE `pl_contratistas_contactos` (
  `Id` int NOT NULL AUTO_INCREMENT,
  `Id_Contratista` int DEFAULT NULL,
  `Descripcion` varchar(100) DEFAULT NULL,
  `Telefono1` varchar(20) DEFAULT NULL,
  `Telefono2` varchar(20) DEFAULT NULL,
  `created_at` datetime DEFAULT NULL,
  `updated_at` datetime DEFAULT NULL,
  `deleted_at` datetime DEFAULT NULL,
  PRIMARY KEY (`Id`)
) ENGINE=InnoDB;

CREATE TABLE `pl_interlocutor_proyecto` (
  `Id` int NOT NULL AUTO_INCREMENT,
  `interlocutor_Id` int DEFAULT NULL,
  `proyecto_Id` int DEFAULT NULL,
  PRIMARY KEY (`Id`)
) ENGINE=InnoDB AUTO_INCREMENT=0;

CREATE TABLE `pl_interlocutores` (
  `Id` int NOT NULL AUTO_INCREMENT,
  `Descripcion` varchar(100) DEFAULT NULL,
  `RazonSocial` varchar(150) DEFAULT NULL,
  `Telefono1` varchar(20) DEFAULT NULL,
  `Telefono2` varchar(20) DEFAULT NULL,
  `Correo` varchar(255) DEFAULT NULL,
  `Nivel` tinyint DEFAULT NULL,
  `Estatus` enum('Activo','Cancelado') DEFAULT 'Activo',
  `created_at` timestamp NULL DEFAULT NULL,
  `updated_at` timestamp NULL DEFAULT NULL,
  `deleted_at` timestamp NULL DEFAULT NULL,
  PRIMARY KEY (`Id`)
) ENGINE=InnoDB AUTO_INCREMENT=0;

CREATE TABLE `pl_interlocutores_niveles` (
  `Id` int NOT NULL AUTO_INCREMENT,
  `Descripcion` varchar(100) DEFAULT NULL,
  `DescripcionCorta` varchar(5) DEFAULT NULL,
  `created_at` datetime DEFAULT NULL,
  `updated_at` datetime DEFAULT NULL,
  `deleted_at` datetime DEFAULT NULL,
  PRIMARY KEY (`Id`)
) ENGINE=InnoDB AUTO_INCREMENT=0;

INSERT INTO `pl_interlocutores_niveles` (`Id`, `Descripcion`, `DescripcionCorta`, `created_at`, `updated_at`, `deleted_at`)
VALUES
  (1, 'Asociado', 'NIV 1', NULL, '2023-01-10 10:01:53', NULL),
  (2, 'Grupo / Corporativo', 'NIV 2', NULL, '2023-01-10 10:02:21', NULL),
  (4, 'Instalador', 'NIV 3', '2022-12-13 13:42:37', '2023-01-10 10:02:38', NULL),
  (5, 'Cliente final / Usuario', 'NIV 4', '2022-12-14 09:16:24', '2023-06-08 12:58:26', NULL),
  (7, 'Arredandora / Inmobiliaria', 'NIV 5', '2023-01-10 10:04:10', '2023-01-16 12:38:21', NULL);


CREATE TABLE `pl_menus` (
  `id` int unsigned NOT NULL AUTO_INCREMENT,
  `id_categoria` int DEFAULT NULL,
  `nombre_largo` varchar(255) DEFAULT NULL,
  `nombre_corto` varchar(255) DEFAULT NULL,
  `active_page` varchar(255) DEFAULT NULL,
  `url` text,
  `estatus` int DEFAULT NULL,
  PRIMARY KEY (`id`) USING BTREE
) ENGINE=InnoDB AUTO_INCREMENT=0 ROW_FORMAT=COMPACT;


INSERT INTO `pl_menus` (`id`, `id_categoria`, `nombre_largo`, `nombre_corto`, `active_page`, `url`, `estatus`)
VALUES
  (1, NULL, 'Home', NULL, NULL, 'home', 1),
  (2, NULL, 'Dashborad', NULL, NULL, 'dashboard', NULL),
  (3, 5, 'Empresa', 'EMP', 'config_empresa', 'catalogos/empresas', 1),
  (4, 5, 'Sucursales', 'SUC', 'config_sucursales', 'config/sucursales', 2),
  (5, 5, 'Perfiles', 'PER', 'config_perfiles', 'config/perfiles', 1),
  (6, 1, 'Clientes', 'CLT', 'clientes', 'catalogos/clientes', 2),
  (7, 1, 'Proveedores', 'PRV', 'proveedores', 'catalogos/proveedores', 2),
  (8, 1, 'Productos', 'PDT', 'productos', 'catalogos/productos', 2),
  (9, 1, 'Atributos de proyectos', 'ATP', 'atributos_proyecto', 'catalogos/atributos-proyectos', 1),
  (10, 7, '1.Proyectos/Ventas', 'PRY', 'proyectos', 'proyectos/grid', 1),
  (11, 5, 'Bitácora de usuarios', 'BTU', 'bitacora', 'config/bitacora-usuarios', 1),
  (12, 7, '2.Asignación', 'ASG', 'recepcion', 'proyectos/recepcion', 1),
  (13, 7, '3.Volumetrías', 'VOL', 'volumetrias', 'proyectos/volumetrias', 1),
  (14, 8, 'Validación', 'VOL', 'compras', 'compras/volumetrias', 1),
  (15, 5, 'Usuarios', 'USR', 'config_usuarios', 'config/usuarios', 1),
  (16, 4, 'Maestro', 'MST', 'proyectos', 'reportes/maestro', 1),
  (17, 7, '4.Importación', 'IMP', 'importacion', 'proyectos/importacion', 1),
  (18, 1, 'Leyenda', 'LEY', 'leyenda', 'catalogos/leyenda', 1),
  (19, 1, 'Metas Mensuales', 'MM', 'metas', 'catalogos/metas', 1);

CREATE TABLE `pl_menus_perfiles` (
  `id` int unsigned NOT NULL AUTO_INCREMENT,
  `id_perfil` int DEFAULT NULL COMMENT '1=ADMIN\r\n2=RECEPCION\r\n3=CAJERO\r\n4=JEFE CAJEROS\r\n5=JEFE CAJERO ADMON',
  `id_menu` int DEFAULT NULL,
  PRIMARY KEY (`id`) USING BTREE
) ENGINE=InnoDB AUTO_INCREMENT=0 ROW_FORMAT=COMPACT;

INSERT INTO `pl_menus_perfiles` (`id`, `id_perfil`, `id_menu`)
VALUES
  (42, 8, 6),
  (43, 8, 7),
  (44, 8, 8),
  (45, 8, 9),
  (46, 8, 10),
  (47, 8, 29),
  (48, 8, 30),
  (49, 9, 6),
  (50, 9, 7),
  (51, 9, 8),
  (52, 9, 29),
  (53, 9, 30),
  (54, 10, 6),
  (55, 10, 7),
  (56, 10, 8),
  (57, 10, 10),
  (58, 10, 29),
  (59, 10, 30),
  (125, 11, 6),
  (126, 11, 7),
  (127, 11, 8),
  (128, 11, 9),
  (129, 11, 29),
  (130, 11, 30),
  (181, 1, 9),
  (182, 1, 16),
  (183, 1, 10),
  (184, 1, 12),
  (185, 1, 13),
  (186, 1, 14),
  (188, 1, 5),
  (189, 1, 11),
  (190, 1, 15),
  (191, 1, 29),
  (192, 1, 30),
  (237, 5, 10),
  (238, 5, 12),
  (239, 5, 13),
  (240, 5, 29),
  (241, 5, 30),
  (247, 1, 18),
  (248, 1, 19),
  (249, 13, 16),
  (250, 13, 10),
  (251, 13, 12),
  (252, 13, 13),
  (253, 13, 29),
  (254, 13, 30),
  (277, 2, 16),
  (278, 2, 10),
  (279, 2, 13),
  (280, 2, 14),
  (281, 2, 29),
  (282, 2, 30),
  (290, 6, 16),
  (291, 6, 10),
  (292, 6, 12),
  (293, 6, 13),
  (294, 6, 17),
  (295, 6, 14),
  (296, 6, 29),
  (297, 6, 30),
  (298, 3, 9),
  (299, 3, 18),
  (300, 3, 19),
  (301, 3, 16),
  (302, 3, 10),
  (303, 3, 13),
  (304, 3, 29),
  (305, 3, 30);

  DROP TABLE IF EXISTS pl_metas;
  CREATE TABLE `pl_metas` (
  `Id` int unsigned NOT NULL AUTO_INCREMENT,
  `Tipo` enum('Proyectos','Ventas') DEFAULT NULL,
  `Ejercicio` varchar(255) DEFAULT NULL,
  `Enero` double DEFAULT NULL,
  `Febrero` double DEFAULT NULL,
  `Marzo` double DEFAULT NULL,
  `Abril` double DEFAULT NULL,
  `Mayo` double DEFAULT NULL,
  `Junio` double DEFAULT NULL,
  `Julio` double DEFAULT NULL,
  `Agosto` double DEFAULT NULL,
  `Septiembre` double DEFAULT NULL,
  `Octubre` double DEFAULT NULL,
  `Noviembre` double DEFAULT NULL,
  `Diciembre` double DEFAULT NULL,
  `estatus` int DEFAULT '1',
  `created_at` timestamp NULL DEFAULT NULL,
  `updated_at` timestamp NULL DEFAULT NULL,
  `deleted_at` timestamp NULL DEFAULT NULL,
  PRIMARY KEY (`Id`)
) ENGINE=InnoDB AUTO_INCREMENT=0;

  INSERT INTO `pl_metas` (`Tipo`, `Ejercicio`, `Enero`, `Febrero`, `Marzo`, `Abril`, `Mayo`, `Junio`, `Julio`, `Agosto`, `Septiembre`, `Octubre`, `Noviembre`, `Diciembre`, `estatus`, `created_at`, `updated_at`, `deleted_at`)
VALUES
  ('Proyectos', '2024', 40, 40, 40, 52, 52, 52, 77, 77, 77, 100, 100, 100, 1, '2024-01-23 10:39:30', '2024-03-22 13:06:10', NULL);


  DROP TABLE IF EXISTS pl_proyectos;
  CREATE TABLE `pl_proyectos` (
  `Id` int NOT NULL AUTO_INCREMENT,
  `Id_LiderProyecto` int NOT NULL,
  `CodigoProyecto` varchar(20) DEFAULT NULL,
  `Estatus` enum('Activo','Cierre','Ganado','Cambios','Cancelado','Cotizado','Aceptado','En Validacion','Asignado') DEFAULT NULL,
  `Descripcion` varchar(255) DEFAULT NULL,
  `Id_Cliente` int DEFAULT NULL,
  `FechaEnvioAProyectos` date DEFAULT NULL,
  `FechaRequeridaEntrega` date DEFAULT NULL,
  `FechaEstimadaEjecucion` date DEFAULT NULL,
  `Presupuesto` int DEFAULT NULL,
  `Prioridad` int DEFAULT NULL,
  `Id_Giro` smallint DEFAULT NULL,
  `Id_Moneda` tinyint DEFAULT NULL,
  `comentarios` text,
  `id_proyectista` int DEFAULT NULL,
  `is_import` int DEFAULT NULL,
  `urlRepo` varchar(400) DEFAULT NULL,
  `created_by` varchar(50) DEFAULT NULL,
  `updated_by` varchar(50) DEFAULT NULL,
  `deleted_by` varchar(50) DEFAULT NULL,
  `created_at` timestamp NULL DEFAULT NULL,
  `updated_at` timestamp NULL DEFAULT NULL,
  `deleted_at` timestamp NULL DEFAULT NULL,
  `TipoCambio` decimal(8,4) DEFAULT NULL,
  `folioCotizacion` int DEFAULT NULL,
  `folioPedido` varchar(50) DEFAULT NULL,
  `descuento` decimal(10,2) DEFAULT NULL,
  `plazo` int DEFAULT NULL,
  PRIMARY KEY (`Id`),
  UNIQUE KEY `idx_ CodigoProyecto` (`CodigoProyecto`,`Estatus`) USING BTREE
) ENGINE=InnoDB AUTO_INCREMENT=0;

  DROP TABLE IF EXISTS pl_proyectos_alertas;
  CREATE TABLE `pl_proyectos_alertas` (
  `id` int unsigned NOT NULL AUTO_INCREMENT,
  `dias_termino` int NOT NULL,
  `color` varchar(255) DEFAULT NULL,
  `created_at` timestamp NULL DEFAULT CURRENT_TIMESTAMP,
  `updated_at` timestamp NULL DEFAULT CURRENT_TIMESTAMP ON UPDATE CURRENT_TIMESTAMP,
  `deleted_at` datetime DEFAULT NULL,
  PRIMARY KEY (`id`)
) ENGINE=InnoDB AUTO_INCREMENT=0;


  INSERT INTO `pl_proyectos_alertas` (`id`, `dias_termino`, `color`, `created_at`, `updated_at`, `deleted_at`)
VALUES
  (1, 25, '#e70404', '2023-01-18 09:25:35', '2023-01-19 13:34:59', NULL),
  (2, 50, '#FFBE33', '2023-01-18 09:26:14', '2023-01-18 09:27:11', NULL),
  (3, 9999, '#6afd08', '2023-01-18 09:26:54', '2023-07-19 13:44:33', NULL);


  DROP TABLE IF EXISTS pl_proyectos_avances;
  CREATE TABLE `pl_proyectos_avances` (
  `id` int unsigned NOT NULL AUTO_INCREMENT,
  `porcentaje` int NOT NULL,
  `color` varchar(255) DEFAULT NULL,
  `created_at` timestamp NULL DEFAULT CURRENT_TIMESTAMP,
  `updated_at` timestamp NULL DEFAULT CURRENT_TIMESTAMP ON UPDATE CURRENT_TIMESTAMP,
  `deleted_at` datetime DEFAULT NULL,
  PRIMARY KEY (`id`)
) ENGINE=InnoDB AUTO_INCREMENT=0;

  DROP TABLE IF EXISTS pl_proyectos_canales;
  CREATE TABLE `pl_proyectos_canales` (
  `Id` int NOT NULL AUTO_INCREMENT,
  `Id_Proyecto` int DEFAULT NULL,
  `Id_Canales` int DEFAULT NULL,
  `created_at` datetime DEFAULT NULL,
  `updated_at` datetime DEFAULT NULL,
  `deleted_at` datetime DEFAULT NULL,
  PRIMARY KEY (`Id`)
) ENGINE=InnoDB;

  DROP TABLE IF EXISTS pl_proyectos_notas;
  CREATE TABLE `pl_proyectos_notas` (
  `Id` int NOT NULL AUTO_INCREMENT,
  `Id_Proyecto` int DEFAULT NULL,
  `Descripcion` text,
  `created_at` datetime DEFAULT NULL,
  `updated_at` datetime DEFAULT NULL,
  `deleted_at` datetime DEFAULT NULL,
  PRIMARY KEY (`Id`)
) ENGINE=InnoDB;

  DROP TABLE IF EXISTS pl_proyectos_prioridades;
  CREATE TABLE `pl_proyectos_prioridades` (
  `id` int unsigned NOT NULL AUTO_INCREMENT,
  `prioridad` varchar(20) NOT NULL,
  `periodo` int NOT NULL,
  `color` varchar(255) DEFAULT NULL,
  `created_at` timestamp NULL DEFAULT CURRENT_TIMESTAMP,
  `updated_at` timestamp NULL DEFAULT CURRENT_TIMESTAMP ON UPDATE CURRENT_TIMESTAMP,
  `deleted_at` datetime DEFAULT NULL,
  PRIMARY KEY (`id`)
) ENGINE=InnoDB AUTO_INCREMENT=0;

  DROP TABLE IF EXISTS pl_proyectos_tipos;
  CREATE TABLE `pl_proyectos_tipos` (
  `Id` int NOT NULL AUTO_INCREMENT,
  `Descripcion` varchar(100) DEFAULT NULL,
  `DescripcionCorta` varchar(5) DEFAULT NULL,
  `created_at` timestamp NULL DEFAULT NULL,
  `updated_at` timestamp NULL DEFAULT NULL,
  `deleted_at` timestamp NULL DEFAULT NULL,
  PRIMARY KEY (`Id`)
) ENGINE=InnoDB AUTO_INCREMENT=0;


  DROP TABLE IF EXISTS pl_volumetria;
  CREATE TABLE `pl_volumetria` (
  `id` int unsigned NOT NULL AUTO_INCREMENT,
  `id_Proyecto` int DEFAULT NULL,
  `version` int DEFAULT NULL,
  `estatus` enum('En Proceso','Aceptado','En Validacion','Cotizado','Rechazado') DEFAULT NULL,
  `fecha` datetime DEFAULT NULL,
  `id_usuario` int DEFAULT NULL,
  `updated_by` int DEFAULT NULL,
  `created_at` timestamp NULL DEFAULT CURRENT_TIMESTAMP,
  `updated_at` timestamp NULL DEFAULT NULL,
  `deleted_at` timestamp NULL DEFAULT NULL,
  `id_moneda` smallint DEFAULT NULL,
  PRIMARY KEY (`id`)
) ENGINE=InnoDB AUTO_INCREMENT=0;


  DROP TABLE IF EXISTS pl_volumetria_productos;
  CREATE TABLE `pl_volumetria_productos` (
  `Id` int NOT NULL AUTO_INCREMENT,
  `Id_Volumetria` int DEFAULT NULL,
  `Id_Producto` int DEFAULT NULL,
  `Cantidad` decimal(10,3) DEFAULT NULL,
  `CostoUnitario` decimal(10,2) DEFAULT '0.00',
  `PrecioVenta` decimal(10,2) DEFAULT NULL,
  `PrecioVentaNuevo` decimal(10,2) DEFAULT NULL,
  `PrecioVentaCambio` decimal(10,2) DEFAULT NULL,
  `Descuento` decimal(10,2) DEFAULT NULL,
  `CantidadDescuento` decimal(10,2) DEFAULT NULL,
  `PrecioNeto` decimal(10,2) DEFAULT NULL,
  `Subtotal` decimal(10,2) unsigned DEFAULT NULL,
  `IVA` decimal(10,2) DEFAULT NULL,
  `Total` decimal(10,2) DEFAULT NULL,
  `FechaProbableEntrega` date DEFAULT NULL,
  `Id_Usuario` int DEFAULT NULL,
  `motivo` text,
  `created_by` varchar(50) DEFAULT NULL,
  `updated_by` varchar(50) DEFAULT NULL,
  `deleted_by` varchar(50) DEFAULT NULL,
  `created_at` datetime DEFAULT NULL,
  `updated_at` datetime DEFAULT NULL,
  `deleted_at` datetime DEFAULT NULL,
  PRIMARY KEY (`Id`)
) ENGINE=InnoDB AUTO_INCREMENT=0;

  DROP TABLE IF EXISTS pl_perfiles;
  CREATE TABLE `pl_perfiles` (
  `id` int(10) unsigned NOT NULL AUTO_INCREMENT,
  `nombre` varchar(100) DEFAULT NULL,
  `estatus` char(1) DEFAULT '1',
  PRIMARY KEY (`id`) USING BTREE,
  UNIQUE KEY `nombre_idx` (`nombre`) USING BTREE
) ENGINE=InnoDB AUTO_INCREMENT=0;

  INSERT INTO `pl_perfiles` (`id`, `nombre`, `estatus`)
VALUES
  (1, 'Admin', '1'),
  (2, 'Compras', '1'),
  (3, 'Ventas', '1'),
  (5, 'Proyectista', '1'),
  (6, 'Jefe Proyectista', '1'),
  (8, 'Direccion General', '1'),
  (11, 'PRUEBA', '0'),
  (12, 'Clientes', '0'),
  (13, 'Gerente de Ventas', '1');


